{"id":46794,"date":"2024-06-17T19:34:55","date_gmt":"2024-06-17T19:34:55","guid":{"rendered":"https:\/\/place-add.nl\/product\/eco-bestekzakje\/"},"modified":"2025-07-09T12:28:38","modified_gmt":"2025-07-09T12:28:38","slug":"eco-bestecktaschen","status":"publish","type":"product","link":"https:\/\/place-add.nl\/de\/produkt\/eco-bestecktaschen\/","title":{"rendered":"Eco-Bestecktaschen mit Aufdruck"},"content":{"rendered":"<p>Die bedruckten Eco-Besteckt\u00e4schchen k\u00f6nnen bereits ab 6.000 St\u00fcck bestellt werden, wobei Sie die Wahl aus verschiedenen Serviettenfarben haben:<\/p>\n<h4>Klassisches Format (8,5 x 20 cm)<br \/>\nDas Serviet, das dabei geliefert wird, ist eine 2-lagige Zellstoffserviette von 23 x 39 cm. M\u00f6gliche Farben f\u00fcr die Servietten sind Wei\u00df, Elfenbein, Ocker, Rot, Bordeaux, Ecru, Sand, Rotbraun, Fuchsia, Braun, Blau, Grau, Schwarz, Limettengr\u00fcn und T\u00fcrkis.<\/h4>\n<p>Ben\u00f6tigen Sie pers\u00f6nliche Beratung bei der Auswahl der richtigen Servietten f\u00fcr Ihre Veranstaltung?<br \/>\nKontaktieren Sie uns gerne. Unser engagiertes Team steht bereit, Ihnen bei der Auswahl der perfekten Servietten f\u00fcr Ihre speziellen Bed\u00fcrfnisse zu helfen.<\/p>\n<p>&nbsp;<\/p>\n","protected":false},"excerpt":{"rendered":"<p class=\"ai-optimize-35\">Das ECO-Besteckt\u00e4schchen hat in Bezug auf das Aussehen die gleichen Merkmale wie das \u201eClassic\u201c-Besteckt\u00e4schchen, mit dem einzigen wesentlichen Unterschied, dass recyceltes Papier die Grundlage dieses Besteckt\u00e4schchens bildet.<\/p>\n<p class=\"ai-optimize-36\">F\u00fcr den Druck auf den Besteckt\u00e4schchen k\u00f6nnen Sie zwischen 1 oder 2 PMS-Farbdrucken w\u00e4hlen. Mit PMS-Druckfarben l\u00e4sst sich die genaue Farbe am besten bestimmen, da diese Farben aus der standardisierten Pantone-Farbf\u00e4cher stammen. Das ECO-Besteckt\u00e4schchen ist aus recyceltem Papier hergestellt, was es zu einem umweltfreundlichen Produkt macht. Da es sich um recyceltes Papier handelt, k\u00f6nnen die Farben abweichen. Wir empfehlen daher, haupts\u00e4chlich dunkle PMS-Farben zu drucken.<\/p>\n<p class=\"ai-optimize-37\">Die Lieferzeit f\u00fcr personalisierte Besteckt\u00e4schchen betr\u00e4gt in der Regel 6 bis 7 Wochen.<\/p>\n<p><strong>Preise ohne Versandkosten. Diese sind (noch) nicht in den Preisen enthalten.<\/strong><\/p>\n<p><a class=\"button-custom-product\" href=\"https:\/\/place-add.nl\/wp-content\/uploads\/2025\/06\/PA-prijslijst-bestekzakjes-duits.pdf\" target=\"_blank\" rel=\"noopener\">Gehen Sie zu den Preisen<\/a> \u00a0<button id=\"knop-contact-opnemen-overige-producten-de\">Kontaktieren Sie uns unverbindlich<\/button><\/p>\n","protected":false},"featured_media":40542,"template":"","meta":[],"product_brand":[],"product_cat":[1411],"product_tag":[1131,1189,1310,1332],"class_list":{"0":"post-46794","1":"product","2":"type-product","3":"status-publish","4":"has-post-thumbnail","6":"product_cat-papier-bestecktasche","7":"product_tag-100-oko-servietten","8":"product_tag-bestecktaschen","9":"product_tag-oko-bestecktasche","10":"product_tag-papier-bestecktasche","12":"first","13":"instock","14":"taxable","15":"shipping-taxable","16":"product-type-simple"},"yoast_head":"<!-- This site is optimized with the Yoast SEO Premium plugin v27.2 (Yoast SEO v27.2) - https:\/\/yoast.com\/product\/yoast-seo-premium-wordpress\/ -->\n<title>Eco-Bestecktaschen mit Aufdruck | Place Add | Gastronomie<\/title>\n<meta name=\"description\" content=\"Das ECO-Besteckt\u00e4schchen ist die umweltfreundliche Version des klassischen Besteckt\u00e4schchens. Es kann personalisiert werden!\" \/>\n<meta name=\"robots\" content=\"index, follow, max-snippet:-1, max-image-preview:large, max-video-preview:-1\" \/>\n<link rel=\"canonical\" href=\"https:\/\/place-add.nl\/de\/produkt\/eco-bestecktaschen\/\" \/>\n<meta property=\"og:locale\" content=\"de_DE\" \/>\n<meta property=\"og:type\" content=\"article\" \/>\n<meta property=\"og:title\" content=\"Eco-Bestecktaschen mit Aufdruck\" \/>\n<meta property=\"og:description\" content=\"Das ECO-Besteckt\u00e4schchen ist die umweltfreundliche Version des klassischen Besteckt\u00e4schchens. Es kann personalisiert werden!\" \/>\n<meta property=\"og:url\" content=\"https:\/\/place-add.nl\/de\/produkt\/eco-bestecktaschen\/\" \/>\n<meta property=\"og:site_name\" content=\"Place Add\" \/>\n<meta property=\"article:publisher\" content=\"https:\/\/www.facebook.com\/PlaceAdd\/\" \/>\n<meta property=\"article:modified_time\" content=\"2025-07-09T12:28:38+00:00\" \/>\n<meta property=\"og:image\" content=\"https:\/\/place-add.nl\/wp-content\/uploads\/2024\/06\/Bedrukt_Eco_bestekzakje_Place-add_1-min-scaled.jpg\" \/>\n\t<meta property=\"og:image:width\" content=\"1000\" \/>\n\t<meta property=\"og:image:height\" content=\"1000\" \/>\n\t<meta property=\"og:image:type\" content=\"image\/jpeg\" \/>\n<meta name=\"twitter:card\" content=\"summary_large_image\" \/>\n<meta name=\"twitter:label1\" content=\"Gesch\u00e4tzte Lesezeit\" \/>\n\t<meta name=\"twitter:data1\" content=\"1\u00a0Minute\" \/>\n<script type=\"application\/ld+json\" class=\"yoast-schema-graph\">{\"@context\":\"https:\/\/schema.org\",\"@graph\":[{\"@type\":\"WebPage\",\"@id\":\"https:\/\/place-add.nl\/de\/produkt\/eco-bestecktaschen\/\",\"url\":\"https:\/\/place-add.nl\/de\/produkt\/eco-bestecktaschen\/\",\"name\":\"Eco-Bestecktaschen mit Aufdruck | Place Add | Gastronomie\",\"isPartOf\":{\"@id\":\"https:\/\/place-add.nl\/de\/#website\"},\"primaryImageOfPage\":{\"@id\":\"https:\/\/place-add.nl\/de\/produkt\/eco-bestecktaschen\/#primaryimage\"},\"image\":{\"@id\":\"https:\/\/place-add.nl\/de\/produkt\/eco-bestecktaschen\/#primaryimage\"},\"thumbnailUrl\":\"https:\/\/place-add.nl\/wp-content\/uploads\/2024\/06\/Bedrukt_Eco_bestekzakje_Place-add_1-min-scaled.jpg\",\"datePublished\":\"2024-06-17T19:34:55+00:00\",\"dateModified\":\"2025-07-09T12:28:38+00:00\",\"description\":\"Das ECO-Besteckt\u00e4schchen ist die umweltfreundliche Version des klassischen Besteckt\u00e4schchens. Es kann personalisiert werden!\",\"breadcrumb\":{\"@id\":\"https:\/\/place-add.nl\/de\/produkt\/eco-bestecktaschen\/#breadcrumb\"},\"inLanguage\":\"de\",\"potentialAction\":[{\"@type\":\"ReadAction\",\"target\":[\"https:\/\/place-add.nl\/de\/produkt\/eco-bestecktaschen\/\"]}]},{\"@type\":\"ImageObject\",\"inLanguage\":\"de\",\"@id\":\"https:\/\/place-add.nl\/de\/produkt\/eco-bestecktaschen\/#primaryimage\",\"url\":\"https:\/\/place-add.nl\/wp-content\/uploads\/2024\/06\/Bedrukt_Eco_bestekzakje_Place-add_1-min-scaled.jpg\",\"contentUrl\":\"https:\/\/place-add.nl\/wp-content\/uploads\/2024\/06\/Bedrukt_Eco_bestekzakje_Place-add_1-min-scaled.jpg\",\"width\":1000,\"height\":1000},{\"@type\":\"BreadcrumbList\",\"@id\":\"https:\/\/place-add.nl\/de\/produkt\/eco-bestecktaschen\/#breadcrumb\",\"itemListElement\":[{\"@type\":\"ListItem\",\"position\":1,\"name\":\"Home\",\"item\":\"https:\/\/place-add.nl\/de\/home\/\"},{\"@type\":\"ListItem\",\"position\":2,\"name\":\"Shop\",\"item\":\"https:\/\/place-add.nl\/de\/shop\/\"},{\"@type\":\"ListItem\",\"position\":3,\"name\":\"Eco-Bestecktaschen mit Aufdruck\"}]},{\"@type\":\"WebSite\",\"@id\":\"https:\/\/place-add.nl\/de\/#website\",\"url\":\"https:\/\/place-add.nl\/de\/\",\"name\":\"Place Add\",\"description\":\"Tafelkleding voor de horeca\",\"publisher\":{\"@id\":\"https:\/\/place-add.nl\/de\/#organization\"},\"potentialAction\":[{\"@type\":\"SearchAction\",\"target\":{\"@type\":\"EntryPoint\",\"urlTemplate\":\"https:\/\/place-add.nl\/de\/?s={search_term_string}\"},\"query-input\":{\"@type\":\"PropertyValueSpecification\",\"valueRequired\":true,\"valueName\":\"search_term_string\"}}],\"inLanguage\":\"de\"},{\"@type\":\"Organization\",\"@id\":\"https:\/\/place-add.nl\/de\/#organization\",\"name\":\"Place Add\",\"url\":\"https:\/\/place-add.nl\/de\/\",\"logo\":{\"@type\":\"ImageObject\",\"inLanguage\":\"de\",\"@id\":\"https:\/\/place-add.nl\/de\/#\/schema\/logo\/image\/\",\"url\":\"https:\/\/place-add.nl\/wp-content\/uploads\/2023\/11\/logo-img-place-add.png\",\"contentUrl\":\"https:\/\/place-add.nl\/wp-content\/uploads\/2023\/11\/logo-img-place-add.png\",\"width\":404,\"height\":106,\"caption\":\"Place Add\"},\"image\":{\"@id\":\"https:\/\/place-add.nl\/de\/#\/schema\/logo\/image\/\"},\"sameAs\":[\"https:\/\/www.facebook.com\/PlaceAdd\/\",\"https:\/\/www.instagram.com\/place_add\/\",\"https:\/\/www.youtube.com\/@placeadd\"]}]}<\/script>\n<!-- \/ Yoast SEO Premium plugin. -->","yoast_head_json":{"title":"Eco-Bestecktaschen mit Aufdruck | Place Add | Gastronomie","description":"Das ECO-Besteckt\u00e4schchen ist die umweltfreundliche Version des klassischen Besteckt\u00e4schchens. Es kann personalisiert werden!","robots":{"index":"index","follow":"follow","max-snippet":"max-snippet:-1","max-image-preview":"max-image-preview:large","max-video-preview":"max-video-preview:-1"},"canonical":"https:\/\/place-add.nl\/de\/produkt\/eco-bestecktaschen\/","og_locale":"de_DE","og_type":"article","og_title":"Eco-Bestecktaschen mit Aufdruck","og_description":"Das ECO-Besteckt\u00e4schchen ist die umweltfreundliche Version des klassischen Besteckt\u00e4schchens. Es kann personalisiert werden!","og_url":"https:\/\/place-add.nl\/de\/produkt\/eco-bestecktaschen\/","og_site_name":"Place Add","article_publisher":"https:\/\/www.facebook.com\/PlaceAdd\/","article_modified_time":"2025-07-09T12:28:38+00:00","og_image":[{"width":1000,"height":1000,"url":"https:\/\/place-add.nl\/wp-content\/uploads\/2024\/06\/Bedrukt_Eco_bestekzakje_Place-add_1-min-scaled.jpg","type":"image\/jpeg"}],"twitter_card":"summary_large_image","twitter_misc":{"Gesch\u00e4tzte Lesezeit":"1\u00a0Minute"},"schema":{"@context":"https:\/\/schema.org","@graph":[{"@type":"WebPage","@id":"https:\/\/place-add.nl\/de\/produkt\/eco-bestecktaschen\/","url":"https:\/\/place-add.nl\/de\/produkt\/eco-bestecktaschen\/","name":"Eco-Bestecktaschen mit Aufdruck | Place Add | Gastronomie","isPartOf":{"@id":"https:\/\/place-add.nl\/de\/#website"},"primaryImageOfPage":{"@id":"https:\/\/place-add.nl\/de\/produkt\/eco-bestecktaschen\/#primaryimage"},"image":{"@id":"https:\/\/place-add.nl\/de\/produkt\/eco-bestecktaschen\/#primaryimage"},"thumbnailUrl":"https:\/\/place-add.nl\/wp-content\/uploads\/2024\/06\/Bedrukt_Eco_bestekzakje_Place-add_1-min-scaled.jpg","datePublished":"2024-06-17T19:34:55+00:00","dateModified":"2025-07-09T12:28:38+00:00","description":"Das ECO-Besteckt\u00e4schchen ist die umweltfreundliche Version des klassischen Besteckt\u00e4schchens. Es kann personalisiert werden!","breadcrumb":{"@id":"https:\/\/place-add.nl\/de\/produkt\/eco-bestecktaschen\/#breadcrumb"},"inLanguage":"de","potentialAction":[{"@type":"ReadAction","target":["https:\/\/place-add.nl\/de\/produkt\/eco-bestecktaschen\/"]}]},{"@type":"ImageObject","inLanguage":"de","@id":"https:\/\/place-add.nl\/de\/produkt\/eco-bestecktaschen\/#primaryimage","url":"https:\/\/place-add.nl\/wp-content\/uploads\/2024\/06\/Bedrukt_Eco_bestekzakje_Place-add_1-min-scaled.jpg","contentUrl":"https:\/\/place-add.nl\/wp-content\/uploads\/2024\/06\/Bedrukt_Eco_bestekzakje_Place-add_1-min-scaled.jpg","width":1000,"height":1000},{"@type":"BreadcrumbList","@id":"https:\/\/place-add.nl\/de\/produkt\/eco-bestecktaschen\/#breadcrumb","itemListElement":[{"@type":"ListItem","position":1,"name":"Home","item":"https:\/\/place-add.nl\/de\/home\/"},{"@type":"ListItem","position":2,"name":"Shop","item":"https:\/\/place-add.nl\/de\/shop\/"},{"@type":"ListItem","position":3,"name":"Eco-Bestecktaschen mit Aufdruck"}]},{"@type":"WebSite","@id":"https:\/\/place-add.nl\/de\/#website","url":"https:\/\/place-add.nl\/de\/","name":"Place Add","description":"Tafelkleding voor de horeca","publisher":{"@id":"https:\/\/place-add.nl\/de\/#organization"},"potentialAction":[{"@type":"SearchAction","target":{"@type":"EntryPoint","urlTemplate":"https:\/\/place-add.nl\/de\/?s={search_term_string}"},"query-input":{"@type":"PropertyValueSpecification","valueRequired":true,"valueName":"search_term_string"}}],"inLanguage":"de"},{"@type":"Organization","@id":"https:\/\/place-add.nl\/de\/#organization","name":"Place Add","url":"https:\/\/place-add.nl\/de\/","logo":{"@type":"ImageObject","inLanguage":"de","@id":"https:\/\/place-add.nl\/de\/#\/schema\/logo\/image\/","url":"https:\/\/place-add.nl\/wp-content\/uploads\/2023\/11\/logo-img-place-add.png","contentUrl":"https:\/\/place-add.nl\/wp-content\/uploads\/2023\/11\/logo-img-place-add.png","width":404,"height":106,"caption":"Place Add"},"image":{"@id":"https:\/\/place-add.nl\/de\/#\/schema\/logo\/image\/"},"sameAs":["https:\/\/www.facebook.com\/PlaceAdd\/","https:\/\/www.instagram.com\/place_add\/","https:\/\/www.youtube.com\/@placeadd"]}]}},"_links":{"self":[{"href":"https:\/\/place-add.nl\/de\/wp-json\/wp\/v2\/product\/46794","targetHints":{"allow":["GET"]}}],"collection":[{"href":"https:\/\/place-add.nl\/de\/wp-json\/wp\/v2\/product"}],"about":[{"href":"https:\/\/place-add.nl\/de\/wp-json\/wp\/v2\/types\/product"}],"wp:featuredmedia":[{"embeddable":true,"href":"https:\/\/place-add.nl\/de\/wp-json\/wp\/v2\/media\/40542"}],"wp:attachment":[{"href":"https:\/\/place-add.nl\/de\/wp-json\/wp\/v2\/media?parent=46794"}],"wp:term":[{"taxonomy":"product_brand","embeddable":true,"href":"https:\/\/place-add.nl\/de\/wp-json\/wp\/v2\/product_brand?post=46794"},{"taxonomy":"product_cat","embeddable":true,"href":"https:\/\/place-add.nl\/de\/wp-json\/wp\/v2\/product_cat?post=46794"},{"taxonomy":"product_tag","embeddable":true,"href":"https:\/\/place-add.nl\/de\/wp-json\/wp\/v2\/product_tag?post=46794"}],"curies":[{"name":"wp","href":"https:\/\/api.w.org\/{rel}","templated":true}]}}

<p>Die bedruckten Eco-Bestecktäschchen können bereits ab 6.000 Stück bestellt werden, wobei Sie die Wahl aus verschiedenen Serviettenfarben haben:</p>
<h4>Klassisches Format (8,5 x 20 cm)<br />
Das Serviet, das dabei geliefert wird, ist eine 2-lagige Zellstoffserviette von 23 x 39 cm. Mögliche Farben für die Servietten sind Weiß, Elfenbein, Ocker, Rot, Bordeaux, Ecru, Sand, Rotbraun, Fuchsia, Braun, Blau, Grau, Schwarz, Limettengrün und Türkis.</h4>
<p>Benötigen Sie persönliche Beratung bei der Auswahl der richtigen Servietten für Ihre Veranstaltung?<br />
Kontaktieren Sie uns gerne. Unser engagiertes Team steht bereit, Ihnen bei der Auswahl der perfekten Servietten für Ihre speziellen Bedürfnisse zu helfen.</p>
<p>&nbsp;</p>

<p class="ai-optimize-35">Das ECO-Bestecktäschchen hat in Bezug auf das Aussehen die gleichen Merkmale wie das „Classic“-Bestecktäschchen, mit dem einzigen wesentlichen Unterschied, dass recyceltes Papier die Grundlage dieses Bestecktäschchens bildet.</p>
<p class="ai-optimize-36">Für den Druck auf den Bestecktäschchen können Sie zwischen 1 oder 2 PMS-Farbdrucken wählen. Mit PMS-Druckfarben lässt sich die genaue Farbe am besten bestimmen, da diese Farben aus der standardisierten Pantone-Farbfächer stammen. Das ECO-Bestecktäschchen ist aus recyceltem Papier hergestellt, was es zu einem umweltfreundlichen Produkt macht. Da es sich um recyceltes Papier handelt, können die Farben abweichen. Wir empfehlen daher, hauptsächlich dunkle PMS-Farben zu drucken.</p>
<p class="ai-optimize-37">Die Lieferzeit für personalisierte Bestecktäschchen beträgt in der Regel 6 bis 7 Wochen.</p>
<p><strong>Preise ohne Versandkosten. Diese sind (noch) nicht in den Preisen enthalten.</strong></p>
<p><a class="button-custom-product" href="https://place-add.nl/wp-content/uploads/2025/06/PA-prijslijst-bestekzakjes-duits.pdf" target="_blank" rel="noopener">Gehen Sie zu den Preisen</a>  <button id="knop-contact-opnemen-overige-producten-de">Kontaktieren Sie uns unverbindlich</button></p>

<!-- This site is optimized with the Yoast SEO Premium plugin v27.2 (Yoast SEO v27.2) - https://yoast.com/product/yoast-seo-premium-wordpress/ -->
<title>Eco-Bestecktaschen mit Aufdruck | Place Add | Gastronomie</title>
<meta name="description" content="Das ECO-Bestecktäschchen ist die umweltfreundliche Version des klassischen Bestecktäschchens. Es kann personalisiert werden!" />
<meta name="robots" content="index, follow, max-snippet:-1, max-image-preview:large, max-video-preview:-1" />
<link rel="canonical" href="https://place-add.nl/de/produkt/eco-bestecktaschen/" />
<meta property="og:locale" content="de_DE" />
<meta property="og:type" content="article" />
<meta property="og:title" content="Eco-Bestecktaschen mit Aufdruck" />
<meta property="og:description" content="Das ECO-Bestecktäschchen ist die umweltfreundliche Version des klassischen Bestecktäschchens. Es kann personalisiert werden!" />
<meta property="og:url" content="https://place-add.nl/de/produkt/eco-bestecktaschen/" />
<meta property="og:site_name" content="Place Add" />
<meta property="article:publisher" content="https://www.facebook.com/PlaceAdd/" />
<meta property="article:modified_time" content="2025-07-09T12:28:38+00:00" />
<meta property="og:image" content="https://place-add.nl/wp-content/uploads/2024/06/Bedrukt_Eco_bestekzakje_Place-add_1-min-scaled.jpg" />
	<meta property="og:image:width" content="1000" />
	<meta property="og:image:height" content="1000" />
	<meta property="og:image:type" content="image/jpeg" />
<meta name="twitter:card" content="summary_large_image" />
<meta name="twitter:label1" content="Geschätzte Lesezeit" />
	<meta name="twitter:data1" content="1 Minute" />
<script type="application/ld+json" class="yoast-schema-graph">{"@context":"https://schema.org","@graph":[{"@type":"WebPage","@id":"https://place-add.nl/de/produkt/eco-bestecktaschen/","url":"https://place-add.nl/de/produkt/eco-bestecktaschen/","name":"Eco-Bestecktaschen mit Aufdruck | Place Add | Gastronomie","isPartOf":{"@id":"https://place-add.nl/de/#website"},"primaryImageOfPage":{"@id":"https://place-add.nl/de/produkt/eco-bestecktaschen/#primaryimage"},"image":{"@id":"https://place-add.nl/de/produkt/eco-bestecktaschen/#primaryimage"},"thumbnailUrl":"https://place-add.nl/wp-content/uploads/2024/06/Bedrukt_Eco_bestekzakje_Place-add_1-min-scaled.jpg","datePublished":"2024-06-17T19:34:55+00:00","dateModified":"2025-07-09T12:28:38+00:00","description":"Das ECO-Bestecktäschchen ist die umweltfreundliche Version des klassischen Bestecktäschchens. Es kann personalisiert werden!","breadcrumb":{"@id":"https://place-add.nl/de/produkt/eco-bestecktaschen/#breadcrumb"},"inLanguage":"de","potentialAction":[{"@type":"ReadAction","target":["https://place-add.nl/de/produkt/eco-bestecktaschen/"]}]},{"@type":"ImageObject","inLanguage":"de","@id":"https://place-add.nl/de/produkt/eco-bestecktaschen/#primaryimage","url":"https://place-add.nl/wp-content/uploads/2024/06/Bedrukt_Eco_bestekzakje_Place-add_1-min-scaled.jpg","contentUrl":"https://place-add.nl/wp-content/uploads/2024/06/Bedrukt_Eco_bestekzakje_Place-add_1-min-scaled.jpg","width":1000,"height":1000},{"@type":"BreadcrumbList","@id":"https://place-add.nl/de/produkt/eco-bestecktaschen/#breadcrumb","itemListElement":[{"@type":"ListItem","position":1,"name":"Home","item":"https://place-add.nl/de/home/"},{"@type":"ListItem","position":2,"name":"Shop","item":"https://place-add.nl/de/shop/"},{"@type":"ListItem","position":3,"name":"Eco-Bestecktaschen mit Aufdruck"}]},{"@type":"WebSite","@id":"https://place-add.nl/de/#website","url":"https://place-add.nl/de/","name":"Place Add","description":"Tafelkleding voor de horeca","publisher":{"@id":"https://place-add.nl/de/#organization"},"potentialAction":[{"@type":"SearchAction","target":{"@type":"EntryPoint","urlTemplate":"https://place-add.nl/de/?s={search_term_string}"},"query-input":{"@type":"PropertyValueSpecification","valueRequired":true,"valueName":"search_term_string"}}],"inLanguage":"de"},{"@type":"Organization","@id":"https://place-add.nl/de/#organization","name":"Place Add","url":"https://place-add.nl/de/","logo":{"@type":"ImageObject","inLanguage":"de","@id":"https://place-add.nl/de/#/schema/logo/image/","url":"https://place-add.nl/wp-content/uploads/2023/11/logo-img-place-add.png","contentUrl":"https://place-add.nl/wp-content/uploads/2023/11/logo-img-place-add.png","width":404,"height":106,"caption":"Place Add"},"image":{"@id":"https://place-add.nl/de/#/schema/logo/image/"},"sameAs":["https://www.facebook.com/PlaceAdd/","https://www.instagram.com/place_add/","https://www.youtube.com/@placeadd"]}]}</script>
<!-- / Yoast SEO Premium plugin. -->

Das ECO-Bestecktäschchen ist die umweltfreundliche Version des klassischen Bestecktäschchens. Es kann personalisiert werden!
